+ 1. Let j be f(n). Calculate the highest common factor of 16 and j.
4
Suppose 25*x = 18*x + 1176. Suppose 3*y - 117 = -4*v, 4*y - x + 25 = -v. Suppose 0 = 6*b - 11*b + y. Calculate the highest common factor of 14 and b.
7
Suppose z - 75 = -2*j + 7, -j - z + 42 = 0. What is the highest common factor of 1580 and j?
20
Let g be (-5606)/(-14) - 18/42. Suppose 30*f - 37*f = -112. What is the greatest common factor of f and g?
16
Let x(b) = b**2 + b + 22. Let w be x(-3). What is the greatest common divisor of w and 399?
7
Let b = 73 - 33. Let i = b - -389. What is the greatest common divisor of 39 and i?
39
Let u be 2 - (-800 + (-2 - 1)). Let g = -76587 - -76622. What is the highest common divisor of g and u?
35
Let t(y) = -4*y**2 - 6*y + 31. Let o be t(4). Let v = 62 + o. Suppose -v*m + 36 = -4*m. Calculate the greatest common factor of m and 396.
36
Let c(y) = -281*y**3 - 2*y**2 - 19*y - 20. Let h be c(-1). Calculate the highest common factor of 46426 and h.
278
Suppose 5*a - 3*w - 4785 = 0, 101*a - 5*w = 96*a + 4795. Calculate the highest common divisor of 36 and a.
18
Suppose -5*p = -4*g + 64, -514*g - 4*p = -518*g + 56. What is the greatest common divisor of g and 123?
3
Let s be 2/(-8) - (279/(-12) - 4). Let y be (-4*3/(-36))/(3/s). Suppose y*v - 6 = 3. Calculate the highest common factor of v and 6.
3
Suppose 5*q - 120 = q - 4*x, -35 = -q - 2*x. Suppose 3*o - 35 - q = 0. What is the highest common divisor of 220 and o?
20
Let o be 16/(-4) + (76 - 3). Let s = 89 - o. What is the greatest common divisor of s and 280?
20
Let j(k) = 112*k + 75. Let m be j(12). What is the greatest common factor of 44 and m?
11
Let m be (0 + 0)*(8 + -7). Let r be 40 + m + 3/1. Let a = r + -39. What is the highest common divisor of a and 36?
4
Let c be (-9)/15 - (-3085)/(-25). Let q be c/(-2) - (-10 - -7)*1. What is the greatest common factor of q and 15?
5
Let h(n) = -65*n - 4022. Let i be h(-62). What is the highest common factor of 4652 and i?
4
Let r(a) = -73*a**3 - a**2 - 7*a - 11. Let x be 1 - 4 - -6 - 5. Let k be r(x). Calculate the highest common divisor of k and 53.
53
Let o = -893 - -1129. What is the greatest common divisor of o and 1121?
59
Suppose -1367 = -12*m - 515. What is the greatest common divisor of m and 6319?
71
Let t be 148580/510 - 1/3 - (3 - -2). Calculate the highest common factor of t and 2522.
26
Let l = -478 - -284. Let z = l + 198. What is the greatest common divisor of 32 and z?
4
Let o(w) = w**2 + 6*w + 5. Let k be o(-4). Let i = 8 + k. Let t be (-12670)/(-840) + 2/(-24). What is the highest common divisor of i and t?
5
Suppose 33*s + 2508 = 40*s - 1692. What is the highest common divisor of 2568 and s?
24
Suppose 5*a - r - 53148 = 0, 3*r = 45*a - 40*a - 53144. What is the greatest common factor of a and 10?
10
Let w(b) = 82*b - 44. Let k be w(1). Calculate the highest common factor of k and 4351.
19
Let o be (9 - 6) + (62 - 6/(-2)). Let l = 78 - o. Let s = -2 - -62. Calculate the highest common divisor of s and l.
10
Let c(a) be the first derivative of 8*a**3/3 + 464*a + 177. Let t be c(0). What is the greatest common divisor of t and 29?
29
Let m be (-38)/(-4)*2*31. Suppose 3*c + 0*c - 30 = -7*a, 13 + 32 = -5*a. What is the highest common divisor of m and c?
31
Let i be -9 + (1 - (-603 + 1)). Let b = i - 66. Calculate the greatest common divisor of b and 96.
48
Suppose -73*w + 13454 = -2971. What is the greatest common factor of 3225 and w?
75
Suppose -3*d + 5*h - 29 = -39, -60 = -4*d - 5*h. Suppose -3*c - 8 = -7*c. Calculate the greatest common divisor of d and c.
2
Let y be 63*(-3)/((-27)/48). Let p be (140/8)/7 - (-4)/(-8). Let z be (p/6)/(8/y). Calculate the greatest common divisor of z and 14.
14
Suppose x - 100 = -u + 49, 5*u - 593 = -4*x. Let l = 308 - 251. What is the greatest common factor of x and l?
19
Suppose 0 = -0*z - z + 4, 3*o + 2*z = 50. Suppose 3*n + 3 = 1945*i - 1947*i, 3*i + 2 = -4*n. Calculate the highest common divisor of i and o.
2
Let t(n) = -2*n**3 - 69*n**2 - 45*n - 15. Let m be t(-34). Let k = m + -334. Calculate the highest common divisor of 800 and k.
25
Suppose 17*j - 26*j + 15*j - 60 = 0. Let z(g) = 4*g**2 - 1. Let b be z(2). What is the highest common factor of b and j?
5
Let g(n) = -14*n + 130. Let q be g(9). Let j be (q - 2)/((-6)/(-42)). Let t(d) = -35*d - 7. Let a be t(-5). What is the highest common divisor of j and a?
14
Let y(i) = 9*i + 50. Let q be y(-17). Let v = q + 107. Calculate the highest common divisor of v and 46.
2
Let y(j) = 8*j**3 - 4*j**2 + 87*j - 166. Let u be y(2). Calculate the greatest common divisor of u and 536.
8
Let u(f) be the second derivative of 2*f**3 + 69*f**2/2 - 58*f. Let g be u(13). Calculate the highest common factor of 90 and g.
45
Let u be ((-7)/((-294)/12))/((-2)/28) + 296. Calculate the greatest common factor of 20 and u.
4
Let q = -54 + 72. Suppose -4*l - 10 + q = 0. Suppose -3*s - 2*u + 66 = 0, -s + u + 24 = l. Calculate the highest common divisor of s and 110.
22
Let v be (-4)/8 + -1*(-435)/6. Let k be 62/8 + (-54)/v. Suppose -k*q = -4*q - 81. What is the highest common factor of 36 and q?
9
Let i(p) = -10*p + 12. Let q be i(-6). Suppose -6 = -z + 2*m + 8, -z + m + 13 = 0. Calculate the highest common divisor of z and q.
12
Let v be (7/((-21)/158))/((-6)/9). Suppose -113 - v = -4*g. Suppose -5*u = -2*u - g. Calculate the highest common factor of u and 2.
2
Let a(d) = 53*d - 247. Let u be a(5). Let b(j) = 5*j - 61. Let q be b(u). Calculate the highest common divisor of q and 174.
29
Suppose 0 = 4*d - 8*d - 24. Let u be d*(-2 + 5)/(-3). Suppose u*h = 2*h + 72. What is the highest common factor of h and 162?
18
Suppose 9*d - 523 + 91 = 0. Let y be (-1573)/(-99) - (-3)/27. What is the greatest common factor of d and y?
16
Let s(h) = h**2 + 18*h + 363. Let k be s(-18). Calculate the greatest common divisor of k and 9.
3
Suppose -98*x = 113*x - 7961 - 7231. Calculate the greatest common factor of 1308 and x.
12
Let p = -204 - -493. Let z(k) = -986*k - 10829. Let q be z(-11). Calculate the greatest common divisor of p and q.
17
Suppose -10738 + 3073 = -3*w. Suppose -3*m + 292 = u - 350, -m = -4*u + w. Calculate the highest common factor of u and 9.
9
Let q be (-2 - (-10 - (-30)/10)) + 80/2. Calculate the highest common divisor of 189 and q.
9
Suppose -3*r + 54 = -a, -2*a + 15 = r + 4. Let m = -41860 - -22876. Let z be (-4)/(-10) + 0 + m/(-140). Calculate the highest common factor of z and r.
17
Let w = 26963 - 26946. Suppose 5 = 5*c - 4*c. Suppose 2*k - 4*v = 290, -773 = -c*k - 2*v - 0*v. Calculate the greatest common divisor of w and k.
17
Suppose 0 = -68*h + 64*h + 88. Suppose 372 = 28*y - h*y. What is the greatest common divisor of 155 and y?
31
Suppose 25*g - 40686 = -6986. Calculate the greatest common factor of g and 8.
4
Let v(f) = -49*f + 1152. Let k be v(23). What is the greatest common divisor of 4 and k?
1
Let j = -31 + 43. Let d(t) = t**2 - 25*t + 126. Let g be d(17). Let q(m) = -m**2 - 7*m + 36. Let b be q(g). What is the greatest common divisor of j and b?
6
Suppose -o = 4*s - 28, 5*s - 20 = 3*s + o. Suppose 8 = -2*a, -7*c + 36 = -4*c - 3*a. Calculate the highest common factor of s and c.
8
Let h(x) = 22*x**2 + 86*x + 4. Let z be h(-5). Calculate the highest common factor of 3782 and z.
62
Let f be (-7788)/(-11) + (0 + -5)*(-3 + 4). What is the greatest common divisor of 37 and f?
37
Let m be 0 + (0 - 0) - -19. Let u(y) = -61*y + 5. Let w be u(1). Let q = w + 113. What is the highest common divisor of q and m?
19
Suppose 2210 = 383*c - 17323. Calculate the greatest common divisor of c and 12512.
17
Let a = -418 - -421. Suppose -h = 5*v - 9, 46 = -7*h + 9*h + a*v. What is the greatest common divisor of 145 and h?
29
Let i(u) = 3*u - 2 - 1 - 2*u. Let g(s) = -s**3 - 25*s**2 + 3*s - 593. Let f be g(-26). Let k be i(f). Calculate the greatest common divisor of k and 5.
1
Let r be (-162)/(-39) - 2/13. Let z = r - -156. What is the highest common divisor of 32 and z?
32
Let j(s) be the first derivative of 3*s**2 - 19*s - 28. Let l be j(7). Suppose 0 = -0*o - 2*o + 460. What is the highest common factor of l and o?
23
Let y be (-13)/((-65)/(-40)) + 30. Suppose 749 = -8*j + 10077. What is the highest common divisor of y and j?
22
Let q(f) = 178*f + 462.